41001443?
241001344
In base 3, what is -11001001000 - -100?
-11001000200
In base 3, what is 2002211100011100 + 0?
2002211100011100
In base 2, what is -10100011011010 - -11010110011100?
110011000010
In base 9, what is 443613 + -286?
443316
In base 13, what is 8a7 - -27637?
28211
In base 11, what is 1 + -286070?
-28606a
In base 13, what is 7336 - -189?
74c2
In base 5, what is 1041012 - 440102?
100410
In base 12, what is 15a2a30a - 7?
15a2a303
In base 14, what is 1193b - 63?
118b8
In base 2, what is -1 - -111000010011000111011010110?
111000010011000111011010101
In base 11, what is 1 + -115367a5?
-115367a4
In base 14, what is 2d883ca + 5?
2d883d1
In base 12, what is -1a6a8 - -b89?
-1971b
In base 4, what is 11311001220223 - -2?
11311001220231
In base 11, what is 1578978 - 0?
1578978
In base 4, what is -22120111320 + 1?
-22120111313
In base 10, what is 4734 - 74?
4660
In base 15, what is -1b4339a4 + -4?
-1b4339a8
In base 9, what is -5 + 505850?
505844
In base 10, what is -130047 + 24?
-130023
In base 6, what is 55122 + 203411?
302533
In base 8, what is 37337357 - 7?
37337350
In base 12, what is -1b84b74 + -1?
-1b84b75
In base 16, what is 2d + -a716?
-a6e9
In base 3, what is 10100210221000 - -1122221?
10100212120221
In base 2, what is -1111000111011 - -1101100110000110?
1011101101001011
In base 6, what is 0 + -15325131?
-15325131
In base 5, what is -1222030 - -20202?
-1201323
In base 6, what is 144334 - 1334?
143000
In base 2, what is 100 + -111010000101100011001110010?
-111010000101100011001101110
In base 4, what is 30023 + -221100332?
-221010303
In base 13, what is -28 + 732256c?
7322544
In base 4, what is 2302 + -12011202?
-12002300
In base 2, what is 11011101110101001101 - 1010110?
11011101110011110111
In base 4, what is -13021132123 - 20010?
-13021212133
In base 5, what is 3114041 - -33142?
3202233
In base 5, what is 13000023311 - 1?
13000023310
In base 9, what is 445556 + -1218?
444337
In base 6, what is 544 + 33455414?
33500402
In base 6, what is 1 + -1121155452?
-1121155451
In base 8, what is -172 - 6441144?
-6441336
In base 16, what is 7 - -1430f3?
1430fa
In base 7, what is -4 - -41453050?
41453043
In base 13, what is b + -23441c?
-234411
In base 7, what is 1 - -3345161162?
3345161163
In base 6, what is -112 - -42330150?
42330034
In base 5, what is -2401024031 + 21?
-2401024010
In base 4, what is 22021103331 - 11?
22021103320
In base 12, what is 27b32 + -38?
27ab6
In base 10, what is -97535 + -308?
-97843
In base 14, what is 2 + -9085765?
-9085763
In base 15, what is a3b + -19d10?
-192c4
In base 2, what is 11 - -11111111010101101010?
11111111010101101101
In base 14, what is -283c0a6 + 5?
-283c0a1
In base 13, what is 105ba81 - 101?
105b980
In base 2, what is -1100 + -111000101101100101?
-111000101101110001
In base 7, what is 1062200 + -213?
1061654
In base 11, what is 29 - -1299571?
129959a
In base 15, what is -469b1 + -1538?
-47ee9
In base 16, what is 1cf5 + c3?
1db8
In base 11, what is -32041a + -300?
-32071a
In base 10, what is 12 + 3099513?
3099525
In base 11, what is -8a21 + 11640?
371a
In base 12, what is -131b25 + -a?
-131b33
In base 7, what is -22256 + 43260?
21001
In base 12, what is 159b3 - 1200?
147b3
In base 4, what is 3002 + -312022231?
-312013223
In base 8, what is -41 - 74707164?
-74707225
In base 12, what is 454 - 15675?
-15221
In base 3, what is -112121111 + -122221010?
-1012112121
In base 16, what is -f34 - 384?
-12b8
In base 9, what is -15 - 88332?
-88347
In base 7, what is 45210 + 66?
45306
In base 3, what is 1 - -211122100002200?
211122100002201
In base 6, what is 2 - 10224314543?
-10224314541
In base 4, what is 30120123 + 113131?
30233320
In base 2, what is 10101111101010 - 11100010011000?
-110010101110
In base 12, what is -5 - -b7497a?
b74975
In base 7, what is 2313 - 42404?
-40061
In base 12, what is -699 - -45b?
-23a
In base 12, what is -11b5 + -1102?
-22b7
In base 11, what is -3 - -4057094a?
40570947
In base 5, what is 10 - -301210311?
301210321
In base 10, what is -245 - 8293?
-8538
In base 8, what is -5 - -41360345?
41360340
In base 14, what is -2d + 102c15?
102bc6
In base 2, what is -11001000010000111011011 - 11011?
-11001000010000111110110
In base 6, what is 403000 + -55143?
303413
In base 2, what is 100111110100011 - -100?
100111110100111
In base 3, what is -11 + 22120000101012001?
22120000101011220
In base 9, what is -346718 - -146?
-346562
In base 5, what is 443 - -214340210?
214341203
In base 16, what is 3 - -5ca2ca2?
5ca2ca5
In base 16, what is 2548 + -10a7?
14a1
In base 10, what is -10 - -3137903?
3137893
In base 3, what is 11 + -101111200002?
-101111122221
In base 14, what is -a8b879 - -3?
-a8b876
In base 11, what is -1a + 5496?
5477
In base 4, what is -23311310123 + 21013?
-23311223110
In base 3, what is -1 - 11120201200122?
-11120201200200
In base 10, what is -403 - 9564?
-9967
In base 13, what is -4c + 611078?
611029
In base 4, what is 10002023 - -10033?
10012122
In base 13, what is -26 + 703c1?
70398
In base 12, what is -3 - 183140?
-183143
In base 10, what is -3 + -3617087?
-3617090
In base 10, what is 1875 - -141777?
143652
In base 14, what is 6c74c79 - 6?
6c74c73
In base 12, what is -3 + -33359885?
-33359888
In base 14, what is 10ca060 + 5?
10ca065
In base 5, what is 241 + 13144143?
13144434
In base 5, what is -1113411 + 1221132?
102221
In base 2, what is 10 + 1011011111010011111100111110?
1011011111010011111101000000
In base 5, what is 32230423142 + -4?
32230423133
In base 10, what is 1041715 - 104?
1041611
In base 5, what is -40 + -422144342?
-422144432
In base 5, what is -2124 - -20304013?
20301334
In base 5, what is -11 - 1411303234?
-1411303300
In base 10, what is 3 + 2030772?
2030775
In base 2, what is 1101001010 - 1110111011011110?
-1110101110010100
In base 12, what is -36a0 - -245?
-3457
In base 9, what is 35 + -35153245?
-35153210
In base 5, what is 10 + -14312212021?
-14312212011
In base 9, what is -1257 - -6425?
5157
In base 8, what is -1344724227 + -2?
-1344724231
In base 6, what is 10 - -425240300?
425240310
In base 7, what is 110 - 22403410?
-22403300
In base 16, what is -2121 + 629?
-1af8
In base 8, what is -1062030 + -20?
-1062050
In base 2, what is -101101010001111110111 - 1?
-101101010001111111000
In base 3, what is 122101120102022012 - -2?
122101120102022021
In base 14, what is -8c - 1728a?
-17338
In base 9, what is 158 - 205455?
-205286
In base 13, what is 20b2c - -31?
20b60
In base 15, what is 5 - 3476ba7?
-3476ba2
In base 3, what is 1121 + -111122202011122?
-111122202010001
In base 11, what is 137 + -72368?
-72231
In base 2, what is -1110111001011111 - 1100101?
-1110111011000100
In base 6, what is -1314 + -435204?
-440522
In base 6, what is -3 + -53322134?
-53322141
In base 4, what is 333 - 30221032?
-30220033
In base 9, what is 2766217 - -2?
2766220
In base 12, what is -47a4767 + 12?
-47a4755
In base 2, what is -100111001101000000 - -10100010100110?
-100100101010011010
In base 8, what is -35523 - -70?
-35433
In base 3, what is 122022 + -10011010010?
-10010110211
In base 4, what is 2102 - 113210230003?
-113210221301
In base 4, what is 222 + 1032322312?
1032323200
In base 12, what is -3ab8 - 22b2?
-61aa
In base 3, what is 10 - -1012201101121011?
1012201101121021
In base 14, what is -b + b507a1?
b50794
In base 13, what is -2 - -492241?
49223c
In base 2, what is -10111100 + 111011111010?
111000111110
In base 6, what is 10254 + -11243?
-545
In base 6, what is 1 + 443231?
443232
In base 14, what is -131b + 15094?
13b77
In base 11, what is -100 + -231930?
-231a30
In base 11, what is 3605878 - 5?
3605873
In base 5, what is -33342234 - 32?
-33342321
In base 2, what is 110001100001 - 1001001010?
101000010111
In base 10, what is 5 + 29903491?
29903496
In base 12, what is -4617 + 52b4?
899
In base 11, what is -2 + 1967a67?
1967a65
In base 13, what is 3bb97 - -39?
3bc03
In base 15, what is 3e411e1 - 0?
3e411e1
In base 9, what is 5 - 203285685?
-203285680
In base 6, what is -2302 - 144535?
-151241
In base 3, what is 1111101 - 101122222?
-100011121
In base 3, what is 0 - -111001101022010002?
111001101022010002
In base 13, what is -8a9b + 17a?
-8921
In base 14, what is b4ad0 + -35?
b4a99
In base 9, what is 12702 - -7145?
20847
In base 13, what is -4 - -7c556?
7c552
In base 12, what is -5